 Let g be -1*3*(-60)/36 + 25. What is the greatest common factor of a and g?
10
Let a(z) = -z**3 + 31*z**2 - 60*z + 31. Let l be a(29). Let b(y) = y**2 + 24*y + 5. Let h be b(l). Calculate the highest common factor of 301 and h.
43
Let g(f) = 105*f**2 + 7. Let o(x) = 107*x**2 + 8. Let i(l) = 5*g(l) - 4*o(l). Let h be i(2). What is the greatest common factor of 17 and h?
17
Let w(r) = 4*r**2 - 121*r + 96. Let k be w(43). Calculate the greatest common factor of 63 and k.
21
Let k(t) = -2*t**3 - 28*t**2 - 203*t - 12. Let i be k(-12). What is the greatest common divisor of 63 and i?
21
Let i = 1564 - 1524. What is the greatest common divisor of 288 and i?
8
Suppose -26*d + 16 = -88. Suppose 23*p - 1350 = -d*p. What is the greatest common factor of p and 150?
50
Suppose -2*y + 275 = 5*r - 25, -3*y = -3*r - 408. Calculate the greatest common divisor of y and 210.
70
Let f(m) = 6*m**3. Let w be f(1). Let h be ((-8)/(-14) - (-15)/(-63))*111. Let q = h - 19. What is the highest common factor of q and w?
6
Let k = -99 - -103. Suppose k*l - 2*u - 18 = 48, -42 = -2*l + 4*u. What is the highest common factor of l and 240?
15
Suppose -25*x - 872 + 1367 = -1755. Calculate the greatest common factor of x and 1179.
9
Suppose 5*x = 583 - 128. Let h = -152 - -128. Let m be 18 - (h/(-6) + 1). Calculate the greatest common divisor of m and x.
13
Suppose 8*d - 9*d + 2*b = -122, 5*d = -3*b + 584. Suppose -d + 14 = -3*s - 5*g, 0 = 2*g - 8. Calculate the highest common factor of s and 14.
14
Let l(k) = 43*k**2 + 3*k + 2. Let p be (-2)/14 + (-1)/(14/12). Let i be l(p). Let n be 58/4 + (-2)/4. Calculate the greatest common divisor of i and n.
14
Let f be (-12)/(-12) + 526 + -3. What is the highest common factor of 2227 and f?
131
Let b = 3059 + -2139. Calculate the greatest common divisor of b and 80.
40
Suppose 2*g = m + 4*g, -5*g = 4*m - 12. Let i(w) = 10*w + 25. Let z be i(m). Let b be (7/(-3))/(3*3/(-81)). What is the greatest common factor of b and z?
21
Suppose -9816 = -23*f + 21*f + 4*i, f = 4*i + 4920. Calculate the greatest common divisor of 576 and f.
288
Let b = -9820 - -11357. Calculate the highest common factor of 318 and b.
53
Let i(w) = -7*w + 1. Let o be i(-5). Let s be 7/(14/12)*2142/(-27). Let f = -314 - s. What is the greatest common factor of o and f?
18
Suppose 3*y = 4*o + 64, -4*y + 3*y - o = -12. Let v be (-4)/y + 14*1/(-8). Let g be ((-2)/5)/(v*3/1650). Calculate the greatest common factor of g and 10.
10
Let l = 201 - 93. Let z(o) = -o**3 - 2*o**2 - 3*o. Let s be z(-6). Calculate the highest common divisor of l and s.
54
Let o be 18 + -19 + (49 - 0). Suppose 4*y - o = 4*j - 5*j, 2*y - 24 = -3*j. Let v(r) = r + 7. Let p be v(y). What is the greatest common divisor of p and 152?
19
Suppose -2658 = -4*v + 1318. Let m = v + -553. Calculate the greatest common factor of 126 and m.
63
Let x = -1594 - -2454. Suppose 0 = 3*l - 229 - x. Calculate the greatest common factor of l and 22.
11
Suppose 0 = -3*q - 2*q. Let o be 18/6 - (4 + q + -1). Suppose -s - 5 + 22 = o. What is the greatest common divisor of s and 17?
17
Suppose 0 = -110*s + 49723 + 5717. What is the highest common divisor of 76 and s?
4
Suppose 0 = 3*v - 2*f - 329 + 102, 5*v + 3*f = 391. Suppose 3*d - 2690 = 1468. Calculate the greatest common factor of v and d.
77
Suppose y + 6 = -u, 0 = -2*y + 4*u + 19 - 1. Let n be 1*2*(8 + y - -9). Calculate the greatest common factor of 112 and n.
16
Let g = 2888 - 2813. Calculate the highest common factor of g and 1065.
15
Suppose 997 + 483 = 10*o. Suppose -4*n + 26 - 18 = 0, -4*n - o = -s. What is the greatest common divisor of s and 36?
12
Suppose -2*j = -8*j + 540. Let c(x) = -j*x + x**2 - 4 + 94*x - 1 + 7*x**2 + x**3. Let f be c(-7). What is the greatest common divisor of 144 and f?
16
Let m(a) = 113*a**2 + 32*a + 5. Let v be m(-4). Let r = v + -982. Calculate the highest common divisor of r and 19.
19
Let h(n) = 10*n**3 - 5*n**2 + 8*n - 2. Let a be h(4). Suppose a + 158 = 11*q. Calculate the greatest common factor of q and 102.
34
Let v(h) = -196*h + 6102. Let x be v(29). Calculate the highest common divisor of 2178 and x.
22
Let o = -16435 - -17225. What is the highest common divisor of o and 80?
10
Suppose -19 = -2*g + 29. Suppose 68 = -q + 62, -5*q = 4*i - 1218. Calculate the greatest common divisor of g and i.
24
Suppose 192 = 5*l + 4*b, 2*l = -l + 4*b + 96. Let a be 3/216*4504 + ((-24)/27)/(-2). What is the highest common factor of l and a?
9
Let v(p) = -p**3 + 3*p**2 + 5*p - 18. Let w be v(4). Let t be ((-418)/77)/(2/w). What is the greatest common factor of t and 171?
19
Let h be -3 - -6 - (105050/(-1210) + (-2)/11). Let n(g) = 2*g**2 - 5*g - 3. Let t be n(12). Calculate the highest common factor of t and h.
45
Suppose 3*o - 46 = c, -1 = 4*c - 9. Suppose 0*d - 4*d + 2*y + 136 = 0, o = 4*y. Calculate the highest common divisor of d and 324.
36
Suppose r - 5*o + 2 = -2*r, -4*r + 40 = 4*o. Suppose r*j - 4*j - 24 = -2*i, 15 = -5*i. Let h be 185/j + (-2)/6. What is the greatest common factor of h and 24?
12
Suppose -3*j + 2*s + 35 = 0, -s - 18 = -2*j - 5*s. Suppose -30 = -j*f + 36. Let h be (2 + -1)/((-12)/(-648)). What is the greatest common divisor of h and f?
6
Let s = 6066 - 6056. Calculate the greatest common divisor of 7870 and s.
10
Let t be 2/3*120/8. Let l(w) = w. Let b(n) = -2*n**2 + 3*n + 4. Let d(v) = -b(v) - 4*l(v). Let m be d(-6). What is the greatest common divisor of m and t?
10
Let r = 547 + 3857. Calculate the greatest common factor of 60 and r.
12
Let l = 1708 + -1627. Calculate the greatest common divisor of 783 and l.
27
Suppose 2*t - 7*t + 3*h = -18, 2*h + 4 = 2*t. Let u be (4/t)/(8/60). Let z(c) = c**2 - 9. Let d be z(8). Calculate the greatest common factor of u and d.
5
Let t be (-495)/(-36) - (-5)/20. Let n = 4 + -2. Let a be n/3 - (-57)/9. What is the greatest common divisor of a and t?
7
Let l(n) = -21*n + 1708. Let a be l(72). Calculate the highest common factor of 17640 and a.
196
Let l(c) = 170*c - 11530. Let j be l(68). Calculate the greatest common factor of 9465 and j.
15
Let s = -41 - -39. Let f be (-8335)/(-45) - s - 4/18. Let a = 403 - f. What is the highest common divisor of 24 and a?
24
Let u(d) = d**3 - 14*d**2 + 18*d - 45. Let f be u(13). Calculate the highest common divisor of f and 3940.
20
Suppose 5*l = n - 785, 0 = -16*n + 27*l - 29*l + 12806. What is the highest common divisor of 70 and n?
10
Let i be 3834/10 - (-135)/225. Suppose -i*b + 389*b = 4180. Calculate the greatest common factor of 76 and b.
76
Suppose t = 2*h + 18, -t = t + 4*h - 36. Let w = -622214 - -623096. What is the highest common divisor of t and w?
18
Suppose -225*o = -239*o + 616. Let c be ((-125)/(-10))/5*o. Calculate the greatest common divisor of 605 and c.
55
Let l = -17034 + 17200. What is the highest common divisor of 28718 and l?
166
Let z(n) = n - 8. Suppose 70 = 4*c + 46. Let d be z(c). Let i(t) = -11*t + 2. Let p be i(d). Calculate the greatest common divisor of 6 and p.
6
Let u = 31941 + -11461. Calculate the highest common divisor of 320 and u.
320
Let b(k) = -4*k**3 - k**2 - 8*k - 13. Let g be b(-3). What is the greatest common divisor of 7953 and g?
11
Let d be 26 + 1/((-2)/2). Let i = -16 + d. Suppose 0*g - 25 = -5*v + 5*g, -i = -3*v + g. What is the greatest common divisor of v and 5?
1
Suppose -73*f + 13404 = -68*f - 3*o, -2*f = -3*o - 5358. Calculate the highest common divisor of f and 18.
18
Suppose 5*c + 4*n - 38 = -0, c - 10 = -2*n. Let j be 54/36*76/c. Suppose 0 = j*s - 18*s - 10. Calculate the highest common factor of s and 30.
10
Let r be ((-456)/108)/(-19) + (-4)/18. Suppose -4*u - v + 3695 = r, -4*u = 3*v - 966 - 2719. Calculate the greatest common factor of 37 and u.
37
Suppose 16095 = 56*i - 4905. Calculate the highest common divisor of 705 and i.
15
Let w = 1601 - 1524. Calculate the highest common factor of w and 6.
1
Let h(s) = -5*s**2 - 129*s - 388. Let o be h(-22). Let j = 26 - 10. Let y = j - 6. Calculate the greatest common factor of y and o.
10
Let n = 147 - -279. Suppose 11*z - 45 = 21. What is the highest common factor of n and z?
6
Suppose -2*l + 492 = -3*s, 25*l - s = 23*l + 492. Suppose -5*p = -18 - 12. Calculate the highest common divisor of p and l.
6
Let f(u) = u**3 - 5*u**2 - 12*u 